[INFO] cloning repository https://github.com/storyfeet/irrigate-cards
[INFO] running `Command { std: "git" "-c" "credential.helper=" "-c" "credential.helper=/workspace/cargo-home/bin/git-credential-null" "clone" "--bare" "https://github.com/storyfeet/irrigate-cards" "/workspace/cache/git-repos/https%3A%2F%2Fgithub.com%2Fstoryfeet%2Firrigate-cards", kill_on_drop: false }`
[INFO] [stderr] Cloning into bare repository '/workspace/cache/git-repos/https%3A%2F%2Fgithub.com%2Fstoryfeet%2Firrigate-cards'...
[INFO] running `Command { std: "git" "rev-parse" "HEAD", kill_on_drop: false }`
[INFO] [stdout] 4f6d61538bdb5deaecc2c72e7112978fe90b70c2
[INFO] checking storyfeet/irrigate-cards against master#af3c6e733a40e671550e0f0f5aeecaa13772ba56 for pr-74989
[INFO] running `Command { std: "git" "clone" "/workspace/cache/git-repos/https%3A%2F%2Fgithub.com%2Fstoryfeet%2Firrigate-cards" "/workspace/builds/worker-14/source", kill_on_drop: false }`
[INFO] [stderr] Cloning into '/workspace/builds/worker-14/source'...
[INFO] [stderr] done.
[INFO] validating manifest of git repo https://github.com/storyfeet/irrigate-cards on toolchain af3c6e733a40e671550e0f0f5aeecaa13772ba56
[INFO] running `Command { std: "/workspace/cargo-home/bin/cargo" "+af3c6e733a40e671550e0f0f5aeecaa13772ba56" "read-manifest" "--manifest-path" "Cargo.toml", kill_on_drop: false }`
[INFO] started tweaking git repo https://github.com/storyfeet/irrigate-cards
[INFO] removed path dependency clap_conf from git repo https://github.com/storyfeet/irrigate-cards
[INFO] removed path dependency lazy_conf from git repo https://github.com/storyfeet/irrigate-cards
[INFO] removed path dependency mksvg from git repo https://github.com/storyfeet/irrigate-cards
[INFO] finished tweaking git repo https://github.com/storyfeet/irrigate-cards
[INFO] tweaked toml for git repo https://github.com/storyfeet/irrigate-cards written to /workspace/builds/worker-14/source/Cargo.toml
[INFO] crate git repo https://github.com/storyfeet/irrigate-cards already has a lockfile, it will not be regenerated
[INFO] running `Command { std: "/workspace/cargo-home/bin/cargo" "+af3c6e733a40e671550e0f0f5aeecaa13772ba56" "fetch" "--locked" "--manifest-path" "Cargo.toml", kill_on_drop: false }`
[INFO] [stderr] warning: dependency (clap_conf) specified without providing a local path, Git repository, or version to use. This will be considered an error in future versions
[INFO] [stderr] warning: dependency (lazy_conf) specified without providing a local path, Git repository, or version to use. This will be considered an error in future versions
[INFO] [stderr] warning: dependency (mksvg) specified without providing a local path, Git repository, or version to use. This will be considered an error in future versions
[INFO] [stderr]     Blocking waiting for file lock on package cache
[INFO] [stderr]     Updating crates.io index
[INFO] [stderr] error: the lock file /workspace/builds/worker-14/source/Cargo.lock needs to be updated but --locked was passed to prevent this
[INFO] [stderr] If you want to try to generate the lock file without accessing the network, use the --offline flag.
[INFO] the lockfile is outdated, regenerating it
[INFO] running `Command { std: "/workspace/cargo-home/bin/cargo" "+af3c6e733a40e671550e0f0f5aeecaa13772ba56" "generate-lockfile" "--manifest-path" "Cargo.toml" "-Zno-index-update", kill_on_drop: false }`
[INFO] [stderr]     Blocking waiting for file lock on package cache
[INFO] running `Command { std: "/workspace/cargo-home/bin/cargo" "+af3c6e733a40e671550e0f0f5aeecaa13772ba56" "fetch" "--locked" "--manifest-path" "Cargo.toml", kill_on_drop: false }`
[INFO] [stderr] warning: dependency (clap_conf) specified without providing a local path, Git repository, or version to use. This will be considered an error in future versions
[INFO] [stderr] warning: dependency (lazy_conf) specified without providing a local path, Git repository, or version to use. This will be considered an error in future versions
[INFO] [stderr] warning: dependency (mksvg) specified without providing a local path, Git repository, or version to use. This will be considered an error in future versions
[INFO] running `Command { std: "docker" "create" "-v" "/var/lib/crater-agent-workspace/builds/worker-14/target:/opt/rustwide/target:rw,Z" "-v" "/var/lib/crater-agent-workspace/builds/worker-14/source:/opt/rustwide/workdir:ro,Z" "-v" "/var/lib/crater-agent-workspace/cargo-home:/opt/rustwide/cargo-home:ro,Z" "-v" "/var/lib/crater-agent-workspace/rustup-home:/opt/rustwide/rustup-home:ro,Z" "-e" "SOURCE_DIR=/opt/rustwide/workdir" "-e" "CARGO_TARGET_DIR=/opt/rustwide/target" "-e" "CARGO_HOME=/opt/rustwide/cargo-home" "-e" "RUSTUP_HOME=/opt/rustwide/rustup-home" "-w" "/opt/rustwide/workdir" "-m" "1610612736" "--user" "0:0" "--network" "none" "rustops/crates-build-env@sha256:d92eaeed33fa75130ca1ee6c8a01d1ffb62bac859dfdfb3450e3e5d1c0146529" "/opt/rustwide/cargo-home/bin/cargo" "+af3c6e733a40e671550e0f0f5aeecaa13772ba56" "metadata" "--no-deps" "--format-version=1", kill_on_drop: false }`
[INFO] [stdout] 4f53cdcd55d7e9ed543a4c26bf7ef19b1c9e7b848ecb86b4252521596e8400b7
[INFO] [stderr] WARNING: Your kernel does not support swap limit capabilities or the cgroup is not mounted. Memory limited without swap.
[INFO] running `Command { std: "docker" "start" "-a" "4f53cdcd55d7e9ed543a4c26bf7ef19b1c9e7b848ecb86b4252521596e8400b7", kill_on_drop: false }`
[INFO] running `Command { std: "docker" "inspect" "4f53cdcd55d7e9ed543a4c26bf7ef19b1c9e7b848ecb86b4252521596e8400b7", kill_on_drop: false }`
[INFO] running `Command { std: "docker" "rm" "-f" "4f53cdcd55d7e9ed543a4c26bf7ef19b1c9e7b848ecb86b4252521596e8400b7", kill_on_drop: false }`
[INFO] [stdout] 4f53cdcd55d7e9ed543a4c26bf7ef19b1c9e7b848ecb86b4252521596e8400b7
[INFO] running `Command { std: "docker" "create" "-v" "/var/lib/crater-agent-workspace/builds/worker-14/target:/opt/rustwide/target:rw,Z" "-v" "/var/lib/crater-agent-workspace/builds/worker-14/source:/opt/rustwide/workdir:ro,Z" "-v" "/var/lib/crater-agent-workspace/cargo-home:/opt/rustwide/cargo-home:ro,Z" "-v" "/var/lib/crater-agent-workspace/rustup-home:/opt/rustwide/rustup-home:ro,Z" "-e" "SOURCE_DIR=/opt/rustwide/workdir" "-e" "CARGO_TARGET_DIR=/opt/rustwide/target" "-e" "CARGO_INCREMENTAL=0" "-e" "RUST_BACKTRACE=full" "-e" "RUSTFLAGS=--cap-lints=forbid" "-e" "CARGO_HOME=/opt/rustwide/cargo-home" "-e" "RUSTUP_HOME=/opt/rustwide/rustup-home" "-w" "/opt/rustwide/workdir" "-m" "1610612736" "--user" "0:0" "--network" "none" "rustops/crates-build-env@sha256:d92eaeed33fa75130ca1ee6c8a01d1ffb62bac859dfdfb3450e3e5d1c0146529" "/opt/rustwide/cargo-home/bin/cargo" "+af3c6e733a40e671550e0f0f5aeecaa13772ba56" "check" "--frozen" "--all" "--all-targets" "--message-format=json", kill_on_drop: false }`
[INFO] [stdout] 0cee5a9fb6378d5869d20c6b661da6095ede22a6d021a582c33235c0afed90f1
[INFO] [stderr] WARNING: Your kernel does not support swap limit capabilities or the cgroup is not mounted. Memory limited without swap.
[INFO] running `Command { std: "docker" "start" "-a" "0cee5a9fb6378d5869d20c6b661da6095ede22a6d021a582c33235c0afed90f1", kill_on_drop: false }`
[INFO] [stderr] warning: dependency (clap_conf) specified without providing a local path, Git repository, or version to use. This will be considered an error in future versions
[INFO] [stderr] warning: dependency (lazy_conf) specified without providing a local path, Git repository, or version to use. This will be considered an error in future versions
[INFO] [stderr] warning: dependency (mksvg) specified without providing a local path, Git repository, or version to use. This will be considered an error in future versions
[INFO] [stderr]     Blocking waiting for file lock on package cache
[INFO] [stderr]    Compiling syn v1.0.41
[INFO] [stderr]     Checking rustc-serialize v0.3.24
[INFO] [stderr]    Compiling bitflags v1.2.1
[INFO] [stderr]     Checking gimli v0.22.0
[INFO] [stderr]     Checking cfg-if v0.1.10
[INFO] [stderr]     Checking lazy_conf v0.1.1
[INFO] [stderr]    Compiling num-traits v0.2.12
[INFO] [stderr]    Compiling num-integer v0.1.43
[INFO] [stderr]    Compiling miniz_oxide v0.4.2
[INFO] [stderr]    Compiling num-iter v0.1.41
[INFO] [stderr]     Checking rand v0.4.6
[INFO] [stderr]     Checking clap v2.33.3
[INFO] [stderr]     Checking num-bigint v0.1.44
[INFO] [stderr]     Checking num-complex v0.1.43
[INFO] [stderr]     Checking num-rational v0.1.42
[INFO] [stderr]     Checking addr2line v0.13.0
[INFO] [stderr]     Checking num v0.1.42
[INFO] [stderr]     Checking backtrace v0.3.50
[INFO] [stderr]    Compiling synstructure v0.12.4
[INFO] [stderr]    Compiling thiserror-impl v1.0.20
[INFO] [stderr]    Compiling failure_derive v0.1.8
[INFO] [stderr]     Checking failure v0.1.8
[INFO] [stderr]     Checking thiserror v1.0.20
[INFO] [stderr]     Checking mksvg v0.3.0
[INFO] [stderr]     Checking clap_conf v0.1.5
[INFO] [stderr]     Checking irrigate v0.1.0 (/opt/rustwide/workdir)
[INFO] [stdout] error[E0432]: unresolved import `lazy_conf::Loader`
[INFO] [stdout]  --> src/main.rs:3:26
[INFO] [stdout]   |
[INFO] [stdout] 3 | use lazy_conf::{Getable, Loader, LzList};
[INFO] [stdout]   |                          ^^^^^^
[INFO] [stdout]   |                          |
[INFO] [stdout]   |                          no `Loader` in the root
[INFO] [stdout]   |                          help: a similar name exists in the module: `loader`
[INFO] [stdout] 
[INFO] [stdout] 
[INFO] [stdout] error[E0432]: unresolved import `mksvg::Card`
[INFO] [stdout]  --> src/main.rs:4:25
[INFO] [stdout]   |
[INFO] [stdout] 4 | use mksvg::{page, Args, Card, PathD, SvgArg, SvgWrite, Tag};
[INFO] [stdout]   |                         ^^^^ no `Card` in the root
[INFO] [stdout] 
[INFO] [stdout] 
[INFO] [stdout] error[E0425]: cannot find function `pages_a4` in module `page`
[INFO] [stdout]    --> src/main.rs:199:24
[INFO] [stdout]     |
[INFO] [stdout] 199 |     let fpages = page::pages_a4(fout, 5, 7, &fronts)?;
[INFO] [stdout]     |                        ^^^^^^^^ not found in `page`
[INFO] [stdout] 
[INFO] [stdout] 
[INFO] [stdout] error[E0425]: cannot find function `pages_a4` in module `page`
[INFO] [stdout]    --> src/main.rs:203:24
[INFO] [stdout]     |
[INFO] [stdout] 203 |     let bpages = page::pages_a4(bout, 5, 7, &backs)?;
[INFO] [stdout]     |                        ^^^^^^^^ not found in `page`
[INFO] [stdout] 
[INFO] [stdout] 
[INFO] [stdout] error: aborting due to 4 previous errors
[INFO] [stdout] 
[INFO] [stdout] 
[INFO] [stdout] Some errors have detailed explanations: E0425, E0432.
[INFO] [stdout] 
[INFO] [stdout] For more information about an error, try `rustc --explain E0425`.
[INFO] [stdout] 
[INFO] [stdout] error[E0432]: unresolved import `lazy_conf::Loader`
[INFO] [stdout]  --> src/main.rs:3:26
[INFO] [stdout]   |
[INFO] [stdout] 3 | use lazy_conf::{Getable, Loader, LzList};
[INFO] [stdout]   |                          ^^^^^^
[INFO] [stdout]   |                          |
[INFO] [stdout]   |                          no `Loader` in the root
[INFO] [stdout]   |                          help: a similar name exists in the module: `loader`
[INFO] [stdout] 
[INFO] [stdout] 
[INFO] [stdout] error[E0432]: unresolved import `mksvg::Card`
[INFO] [stdout]  --> src/main.rs:4:25
[INFO] [stdout]   |
[INFO] [stdout] 4 | use mksvg::{page, Args, Card, PathD, SvgArg, SvgWrite, Tag};
[INFO] [stdout]   |                         ^^^^ no `Card` in the root
[INFO] [stdout] 
[INFO] [stdout] 
[INFO] [stderr] error: could not compile `irrigate`.
[INFO] [stderr] 
[INFO] [stderr] To learn more, run the command again with --verbose.
[INFO] [stderr] warning: build failed, waiting for other jobs to finish...
[INFO] [stdout] error[E0425]: cannot find function `pages_a4` in module `page`
[INFO] [stdout]    --> src/main.rs:199:24
[INFO] [stdout]     |
[INFO] [stdout] 199 |     let fpages = page::pages_a4(fout, 5, 7, &fronts)?;
[INFO] [stdout]     |                        ^^^^^^^^ not found in `page`
[INFO] [stdout] 
[INFO] [stdout] 
[INFO] [stdout] error[E0425]: cannot find function `pages_a4` in module `page`
[INFO] [stdout]    --> src/main.rs:203:24
[INFO] [stdout]     |
[INFO] [stdout] 203 |     let bpages = page::pages_a4(bout, 5, 7, &backs)?;
[INFO] [stdout]     |                        ^^^^^^^^ not found in `page`
[INFO] [stdout] 
[INFO] [stdout] 
[INFO] [stdout] error: aborting due to 4 previous errors
[INFO] [stdout] 
[INFO] [stdout] 
[INFO] [stdout] Some errors have detailed explanations: E0425, E0432.
[INFO] [stdout] 
[INFO] [stdout] For more information about an error, try `rustc --explain E0425`.
[INFO] [stdout] 
[INFO] [stderr] error: build failed
[INFO] running `Command { std: "docker" "inspect" "0cee5a9fb6378d5869d20c6b661da6095ede22a6d021a582c33235c0afed90f1", kill_on_drop: false }`
[INFO] running `Command { std: "docker" "rm" "-f" "0cee5a9fb6378d5869d20c6b661da6095ede22a6d021a582c33235c0afed90f1", kill_on_drop: false }`
[INFO] [stdout] 0cee5a9fb6378d5869d20c6b661da6095ede22a6d021a582c33235c0afed90f1
